 -262. List the prime factors of j.
149
Let g(q) = -q + 3. Let z be g(4). Let o(p) be the first derivative of 3*p**3 + p + 4. List the prime factors of o(z).
2, 5
Let m(z) = -z**2 + 2*z + 1. Let t be m(-1). Suppose 2*q = -0*q + 2, 4*q + 2 = 2*l. Let r = l - t. List the prime factors of r.
5
Let s be -2*1/2*-3. Suppose s*a + 10 = 4. List the prime factors of (-8)/(-6) + a/(-3).
2
Suppose -5*c = 4*f - 37, -7*f + 4*c + 64 = -3*f. Suppose -3*o + 8 + f = 0. List the prime factors of o.
7
Let v = 36 + -29. List the prime factors of v.
7
Let u(k) be the second derivative of -5*k**3/3 - 3*k**2 - k. Let x be u(-5). Suppose -5*l + 18 + x = -2*f, 0 = 5*l - 5*f - 65. List the prime factors of l.
2, 3
Let a = 14 + 3. Let l = a + 19. List the prime factors of l.
2, 3
Let o be (-6)/(-2) - (2 + -1). Suppose 5*h - 5*v = -5, 5*h - o*v = -0*h + 4. What are the prime factors of (h/3)/(6/171)?
19
Suppose 2*d + 3*d - 44 = -y, y = -d + 8. Suppose 4*h + d = 137. List the prime factors of h.
2
Suppose 0 = -3*l - v - 7 + 1, 0 = -v - 3. Let b be 8*((-1)/2)/l. Suppose 0 = b*q - q - 36. What are the prime factors of q?
2, 3
Suppose -m = 6*m - 595. List the prime factors of m.
5, 17
Suppose 10*u = 7*u + 225. What are the prime factors of u?
3, 5
Let m(o) = 1. Let i(c) = -2 + 3 + 3*c + 1. Let q(u) = -i(u) + 6*m(u). List the prime factors of q(-3).
13
Suppose 4*d + 0 + 4 = 0. List the prime factors of d/(3/(-156)) - 0.
2, 13
Let r be (-1 - -2)/((-6)/(-18)). Suppose 0 = -5*o + r*o + 86. List the prime factors of o.
43
Let r(n) be the third derivative of -n**5/60 + n**4/6 - n**3/2 + n**2. Let s be r(2). What are the prime factors of 1 + 2 + s + 1?
5
Let b = 23 - -1. List the prime factors of b.
2, 3
Suppose -4*k + 17 - 5 = 0. Let m(i) = i**2 + k*i - 3*i. List the prime factors of m(2).
2
Let d(s) be the second derivative of s**3/3 - 7*s**2/2 - 3*s. Let b be d(5). Suppose 5*u = -3*w + 34, -3*w + 27 = b*u + w. What are the prime factors of u?
5
Suppose 0*j - 5*j - 65 = 0. Let u = j - -21. List the prime factors of u.
2
Suppose -p + 164 = 4*p + 4*w, 2*p = w + 63. List the prime factors of p.
2
Let o = 16 - 10. What are the prime factors of o?
2, 3
Suppose 2*y + 5 = z, -2*z + 4*z - 10 = 0. Let q(o) = 3*o - 1. Let m be q(2). Suppose y = -0*g - 2*g - 5*x + 26, -35 = -m*g - 5*x. List the prime factors of g.
3
Let n = -12 + 18. Suppose -2*y + 0 = -n. List the prime factors of y.
3
Suppose -148*k - 600 = -153*k. What are the prime factors of k?
2, 3, 5
Let a = 47 - 23. What are the prime factors of a?
2, 3
Let h(i) = 29*i**2 - 2 - 15*i - 30*i**2 + 0. List the prime factors of h(-14).
2, 3
Let r be 18/(-24) + (-30)/(-8). Let x(s) = s**2 - 7*s + 2. Let o(v) = -v + 1. Let j(k) = -6*o(k) + x(k). What are the prime factors of j(r)?
2
Suppose f - 3*f = -28. List the prime factors of f.
2, 7
Let j(g) be the first derivative of g**3/3 + 7*g**2/2 + 9*g + 3. Let d be j(-6). Suppose -27 = -5*l + d. What are the prime factors of l?
2, 3
Let s(d) = 2*d**2 - 11*d - 14. What are the prime factors of s(10)?
2, 19
Let f be (-59)/(-3) + (-12)/18. Suppose 5*n = f + 16. List the prime factors of n.
7
Suppose 6*h = 4*h + 8. Suppose q + 3*k = 9, 2 = h*q - 2*q - 2*k. List the prime factors of q.
3
Suppose 68 = 5*u - 3*u. Let r = 54 - u. What are the prime factors of r?
2, 5
Let b = 185 - 125. List the prime factors of b.
2, 3, 5
Let m = -22 - -56. Let p = m - 18. List the prime factors of p.
2
Suppose -l + 1 + 4 = 0. Suppose -t = -4*t + 12. Suppose -t*a = -21 + l. What are the prime factors of a?
2
Let h = 2 - 0. Suppose -4*o - z + 11 = -h*o, 2*o - 20 = -4*z. What are the prime factors of o?
2
Let h(r) = -r - 1 + 3*r - 3. Let j be h(4). List the prime factors of 2/((8/9)/j).
3
Let z(j) = -6*j + 1. Let y be z(-4). Let q = y - 9. What are the prime factors of q?
2
Let g = -3 + 13. Suppose 0 = 2*k - g - 18. What are the prime factors of k?
2, 7
Suppose n = 3 + 3. What are the prime factors of n?
2, 3
Suppose -2*t - 52 = -2*s, -4*s + s + 4*t = -81. What are the prime factors of s?
23
Let g be (1 + 8)/(-3) - -4. Let n be (g/3)/((-6)/(-18)). What are the prime factors of (5/10)/(n/22)?
11
Suppose 8*d = -3*d + 22. What are the prime factors of d?
2
Suppose -5*z - 3*x - 12 + 215 = 0, -4*z + 5*x + 192 = 0. List the prime factors of z.
43
Let m(n) = -n**2 - 2*n + 4. Let z be m(-4). Let y be (-2)/(-6) + z/(-6). Let s = 4 - y. What are the prime factors of s?
3
Suppose 4*k - 2*i = -k + 29, -2*i = 4*k - 16. Suppose 8 - 2 = -w. What are the prime factors of (-40)/6*w/k?
2
Suppose 4*z - 399 = -3*z. What are the prime factors of z?
3, 19
Let w(k) = -k**3 - 5*k**2 + 3*k - 8. Let n be 1 - -7*(-1 + 0). What are the prime factors of w(n)?
2, 5
Suppose 4*x = 401 + 119. What are the prime factors of x?
2, 5, 13
Suppose 5*c + 5 = 6*c. Let q = c + 0. List the prime factors of q.
5
Let f = -48 - -59. List the prime factors of f.
11
What are the prime factors of (-3)/((-3)/(-2)) + 39?
37
Let j(h) = -11*h + 20. What are the prime factors of j(-6)?
2, 43
Let d(o) = 12*o - 7. What are the prime factors of d(4)?
41
Let g be 2*2/4 - 24. Suppose 5*f + 1 + 54 = 0. Let d = f - g. What are the prime factors of d?
2, 3
Suppose -11 = 4*v - 71. Suppose v = -5*x - 15. Let r = -3 - x. List the prime factors of r.
3
Let b = -22 + 32. List the prime factors of b.
2, 5
Let s(d) = 17*d**3 - 4*d. Let n(w) = -33*w**3 + 9*w. Let x(h) = 3*n(h) + 7*s(h). List the prime factors of x(1).
19
Let m be (-13)/(-4) + 3/(-12). Let k = 4 + m. List the prime factors of k.
7
Let a(l) = l**3 + 5*l**2 - 6*l + 3. Let f be a(-6). Suppose f*o - 9 - 9 = 0. List the prime factors of o.
2, 3
Let v = 188 - 104. Suppose g + 3*g = v. List the prime factors of g.
3, 7
Let u = 0 + -8. What are the prime factors of (-2)/(-8) + (-70)/u?
3
What are the prime factors of ((-384)/80)/(-2*2/190)?
2, 3, 19
List the prime factors of (15/20)/(1/52).
3, 13
Let z(x) = -16*x - 5. Let c be z(-3). Suppose n - c = -10. What are the prime factors of n?
3, 11
Suppose -2*h - 5*v + 358 = -74, -4*h - v = -846. List the prime factors of h.
211
Let w(p) = -p**2 + 26*p - 59. What are the prime factors of w(18)?
5, 17
Let w(l) = 1. Let p(c) = -c**2 - c - 1. Let u be p(0). Let q(k) = -3*k - 6. Let j(g) = u*q(g) - 9*w(g). What are the prime factors of j(4)?
3
Suppose 0 = k - 5*b - 13, -1 = -4*k - 4*b + 3. Suppose -3*i = -5*i - 2, -k*w - 3*i = -153. What are the prime factors of w?
2, 13
Let i(j) = 2*j**2 + 7*j + 3. List the prime factors of i(-5).
2, 3
Let j(z) = z**3 + 4*z**2 - z + 2. Let a(i) = -7*i + 5. Let w(y) = 13*y - 10. Let x(p) = -11*a(p) - 6*w(p). Let v be x(9). List the prime factors of j(v).
2, 3
Suppose 0 = -5*o + 6*i - 2*i - 42, -4*i - 6 = 3*o. Let d = o - -11. Suppose d*l = -v - v + 11, 0 = -v - 2. What are the prime factors of l?
3
Let p(y) = y**2 - 13*y + 12. Let z be p(9). What are the prime factors of (z/9)/((-1)/6)?
2
Suppose -3*t + 4*t = -3*z + 172, 3*z - 848 = -5*t. List the prime factors of t.
13
Let c(m) = -m + 7. Let w be c(3). Suppose -o - w*o = 4*i + 34, -i = -3*o. What are the prime factors of ((-4)/i)/((-2)/(-6))?
2
Let s(d) = -d**3 - 28*d**2 - 31*d - 3. What are the prime factors of s(-27)?
3, 5, 7
Let h be 2*1 - 10/(-2). Let i be (-2)/(-1 - (-2)/6). Suppose 0 = 2*j - h - i. What are the prime factors of j?
5
Suppose 3*d - 1 = -4. What are the prime factors of 3/(-2)*(d + -15)?
2, 3
Suppose -3*w + 2 = -10. Suppose w = x - 15. List the prime factors of x.
19
Let c = 1 + 15. List the prime factors of c.
2
Let f(n) = -3*n**2 + 5*n**2 + 7*n + 7*n - n**2 + 22. List the prime factors of f(-15).
37
Let a(h) = -h**2 - 5*h - 3. Let w(s) = -s**3 - 3*s**2 + s. Let o be w(-3). Let f be a(o). Suppose -f*u = 0, 3*d = 5*u - 1 + 19. List the prime factors of d.
2, 3
Let a(s) = -3*s - 19. Let q(u) = 8*u. Let x be q(-2). List the prime factors of a(x).
29
Let r(c) be the second derivative of c**3/3 + 9*c**2/2 - 3*c. What are the prime factors of r(11)?
31
Let p = -30 + 93. What are the prime factors of p?
3, 7
Let p be 28/2 + (-2)/2. Suppose 7 = 5*l - p. What are the prime factors of l?
2
Suppose -k = 4*k + 20. What are the prime factors of -3*(k + -1 + -2)?
3, 7
Suppose -3*g = -3*m - 15, -5 = m - 2*g + 1. Let w be (m/(-6))/(1/12). Suppose y + 0 - w = 0. What are the prime factors of y?
2
